git of 3141680?
8
What is the tens digit of 946156?
5
What is the ten thousands digit of 4555059?
5
What is the hundred thousands digit of 15521994?
5
What is the hundred thousands digit of 2399330?
3
What is the thousands digit of 10869725?
9
What is the hundreds digit of 14630215?
2
What is the units digit of 56584?
4
What is the millions digit of 1382262?
1
What is the units digit of 24773238?
8
What is the tens digit of 954523?
2
What is the hundreds digit of 936266?
2
What is the hundred thousands digit of 14037208?
0
What is the hundred thousands digit of 898437?
8
What is the thousands digit of 183725?
3
What is the tens digit of 3651264?
6
What is the tens digit of 5452755?
5
What is the hundred thousands digit of 375424?
3
What is the ten thousands digit of 1606367?
0
What is the units digit of 2547767?
7
What is the ten millions digit of 15870949?
1
What is the ten thousands digit of 1134169?
3
What is the units digit of 171765?
5
What is the ten thousands digit of 71594?
7
What is the tens digit of 311165?
6
What is the hundreds digit of 1819750?
7
What is the tens digit of 172410?
1
What is the tens digit of 683444?
4
What is the millions digit of 2770511?
2
What is the ten thousands digit of 6431875?
3
What is the hundreds digit of 46076?
0
What is the tens digit of 282863?
6
What is the millions digit of 16870310?
6
What is the units digit of 667883?
3
What is the units digit of 4245810?
0
What is the ten thousands digit of 18533142?
3
What is the thousands digit of 5904058?
4
What is the units digit of 653334?
4
What is the units digit of 101094?
4
What is the hundred thousands digit of 642309?
6
What is the tens digit of 399105?
0
What is the hundred thousands digit of 793159?
7
What is the thousands digit of 19185788?
5
What is the ten thousands digit of 2962714?
6
What is the hundreds digit of 25982802?
8
What is the thousands digit of 4965024?
5
What is the ten thousands digit of 139594?
3
What is the ten thousands digit of 13708165?
0
What is the tens digit of 1615672?
7
What is the hundred thousands digit of 10608774?
6
What is the thousands digit of 1142972?
2
What is the ten thousands digit of 7711813?
1
What is the hundred thousands digit of 4286188?
2
What is the hundred thousands digit of 1057509?
0
What is the ten thousands digit of 71736?
7
What is the tens digit of 485469?
6
What is the hundreds digit of 7979171?
1
What is the ten thousands digit of 246947?
4
What is the millions digit of 1376880?
1
What is the ten thousands digit of 252223?
5
What is the millions digit of 3444301?
3
What is the tens digit of 1874926?
2
What is the ten thousands digit of 2447678?
4
What is the thousands digit of 351838?
1
What is the tens digit of 72334?
3
What is the units digit of 15872949?
9
What is the thousands digit of 25809396?
9
What is the hundreds digit of 1219169?
1
What is the tens digit of 494280?
8
What is the units digit of 13495320?
0
What is the hundred thousands digit of 10143076?
1
What is the units digit of 4363562?
2
What is the hundreds digit of 1724274?
2
What is the hundreds digit of 932500?
5
What is the ten thousands digit of 127248?
2
What is the ten thousands digit of 1509968?
0
What is the tens digit of 477094?
9
What is the hundreds digit of 297315?
3
What is the units digit of 287085?
5
What is the thousands digit of 230401?
0
What is the thousands digit of 229423?
9
What is the tens digit of 12734738?
3
What is the hundred thousands digit of 352986?
3
What is the hundred thousands digit of 653486?
6
What is the thousands digit of 193190?
3
What is the hundred thousands digit of 434491?
4
What is the ten thousands digit of 3582995?
8
What is the hundred thousands digit of 358759?
3
What is the units digit of 205641?
1
What is the thousands digit of 27738?
7
What is the hundred thousands digit of 29062912?
0
What is the ten thousands digit of 26662?
2
What is the thousands digit of 286098?
6
What is the millions digit of 7151531?
7
What is the hundreds digit of 21527531?
5
What is the hundreds digit of 6445566?
5
What is the hundreds digit of 1330828?
8
What is the tens digit of 279746?
4
What is the millions digit of 6148284?
6
What is the tens digit of 534621?
2
What is the hundred thousands digit of 148248?
1
What is the ten thousands digit of 5616944?
1
What is the ten thousands digit of 110649?
1
What is the tens digit of 498336?
3
What is the ten thousands digit of 165584?
6
What is the tens digit of 266894?
9
What is the hundreds digit of 169034?
0
What is the units digit of 462026?
6
What is the hundreds digit of 41645474?
4
What is the ten thousands digit of 1600692?
0
What is the thousands digit of 1870895?
0
What is the ten thousands digit of 13164264?
6
What is the units digit of 512015?
5
What is the tens digit of 647441?
4
What is the thousands digit of 202554?
2
What is the millions digit of 1438190?
1
What is the thousands digit of 290414?
0
What is the units digit of 6897007?
7
What is the thousands digit of 286119?
6
What is the ten thousands digit of 1555100?
5
What is the hundreds digit of 83302?
3
What is the ten thousands digit of 26201409?
0
What is the tens digit of 1718944?
4
What is the ten thousands digit of 1389898?
8
What is the thousands digit of 133913?
3
What is the millions digit of 15272458?
5
What is the tens digit of 2763648?
4
What is the tens digit of 5798?
9
What is the hundred thousands digit of 4600209?
6
What is the hundreds digit of 2007955?
9
What is the ten thousands digit of 1411073?
1
What is the tens digit of 664358?
5
What is the ten thousands digit of 2445948?
4
What is the units digit of 337906?
6
What is the ten thousands digit of 297480?
9
What is the ten thousands digit of 234203?
3
What is the thousands digit of 95092?
5
What is the hundreds digit of 1044808?
8
What is the ten thousands digit of 422823?
2
What is the hundred thousands digit of 3096889?
0
What is the hundred thousands digit of 857906?
8
What is the ten thousands digit of 1535352?
3
What is the hundred thousands digit of 6860550?
8
What is the hundreds digit of 114125?
1
What is the hundreds digit of 591791?
7
What is the millions digit of 11477092?
1
What is the ten thousands digit of 1962364?
6
What is the thousands digit of 24332235?
2
What is the tens digit of 459000?
0
What is the units digit of 972428?
8
What is the hundred thousands digit of 152184?
1
What is the tens digit of 38197235?
3
What is the tens digit of 2468136?
3
What is the tens digit of 484973?
7
What is the hundreds digit of 7701468?
4
What is the hundreds digit of 1218328?
3
What is the hundreds digit of 23046615?
6
What is the thousands digit of 70318?
0
What is the ten thousands digit of 1021037?
2
What is the tens digit of 168905?
0
What is the hundred thousands digit of 5194716?
1
What is the units digit of 2812948?
8
What is the thousands digit of 7888205?
8
What is the ten thousands digit of 799075?
9
What is the tens digit of 278892?
9
What is the units digit of 524184?
4
What is the hundreds digit of 1193591?
5
What is the ten thousands digit of 118474?
1
What is the ten thousands digit of 19422684?
2
What is the hundreds digit of 756751?
7
What is the ten thousands digit of 188094?
8
What is the units digit of 1451987?
7
What is the thousands digit of 4234996?
4
What is the tens digit of 2151908?
0
What is the hundred thousands digit of 1320327?
3
What is the ten thousands digit of 143981?
4
What is the thousands digit of 5863405?
3
What is the millions digit of 5642259?
5
What is the ten thousands digit of 281484?
8
What is the hundred thousands digit of 253464?
2
What is the units digit of 114252?
2
What is the ten thousands digit of 221468?
2
What is the thousands digit of 9117873?
7
What is the hundred thousands digit of 1064221?
0
What is the hundreds digit of 4008029?
0
What is the hundreds digit of 9036685?
6
What is the units digit of 440071?
1
What is the thousands digit of 3812428?
2
What is the ten thousands digit of 2146846?
4
What is the hundred thousands digit of 149287?
1
What is the ten thousands digit of 187824?
8
What is the units digit of 22162906?
6
What is the hundreds digit of 2184592?
5
What is the tens digit of 180387?
8
What is the tens digit of 174715?
1
What is the units